{"id":265,"date":"2018-03-14T13:53:52","date_gmt":"2018-03-14T12:53:52","guid":{"rendered":"http:\/\/www.kv-rassegefl\u00fcgelz\u00fcchter-mettmann.de\/\/?page_id=265"},"modified":"2022-11-16T13:35:46","modified_gmt":"2022-11-16T12:35:46","slug":"verordnungen","status":"publish","type":"page","link":"http:\/\/www.kv-rassegefl\u00fcgelz\u00fcchter-mettmann.de\/?page_id=265","title":{"rendered":"Verordnungen"},"content":{"rendered":"<p style=\"text-align: center;\"><span style=\"font-family: georgia, palatino, serif;\"><b><span style=\"font-size: large;\">Gesetze\/Pflichten f\u00fcr Gefl\u00fcgelhalter<\/span><\/b><\/span><\/p>\n<p><span style=\"font-family: georgia, palatino, serif;\">Die nachfolgend aufgef\u00fchrten Punkte gelten f\u00fcr alle Gefl\u00fcgelhalter &#8211; unabh\u00e4ngig von der Anzahl der gehaltenen Tiere!<\/span><\/p>\n<p><span style=\"font-family: georgia, palatino, serif;\"><b>1. Impfung gegen Newcastle Disease<\/b><\/span><\/p>\n<p><span style=\"font-family: georgia, palatino, serif;\">Gem\u00e4\u00df \u00a7 7 der <span class=\"jnkurzue\"> <b> Gefl\u00fcgelpest-Verordnung<\/b> sind Sie verpflichtet, ihre H\u00fchner \/ Truth\u00fchner regelm\u00e4\u00dfig \u00fcber einen Tierarzt impfen zu lassen. Es gibt 2 Arten der Impfung, a) die Impfung per Spritze einmal im Jahr oder b) die Impfung \u00fcber Trinkwasser oder Spray alle 6 Wochen. Suchen Sie sich also einen Tierarzt, der sich auch mit Gefl\u00fcgel auskennt. Noch einfacher (und vor allem g\u00fcnstiger) wird das Ganze, wenn Sie einem Rassegefl\u00fcgelzuchtverein beitreten.\u00a0 Eine Auflistung der Vereine f\u00fcr den Kreisverband Mettmann finden Sie <b> <a href=\"http:\/\/www.kv-rassegefl\u00fcgelz\u00fcchter-mettmann.de\/vereine\/\">hier<\/a><\/b> .<\/span><\/span><\/p>\n<p><span class=\"jnkurzue\" style=\"font-family: georgia, palatino, serif;\">Lassen Sie sich in jedem Falle ein Impfzeugnis ausstellen &#8211; Sie sind verpflichtet, diese Impfnachweise aufzubewahren und auf Verlangen vorzuweisen.<\/span><\/p>\n<p><span style=\"font-family: georgia, palatino, serif;\"><b>2. Meldung beim Veterin\u00e4ramt<\/b><\/span><\/p>\n<p><span style=\"font-family: georgia, palatino, serif;\">Sie m\u00fcssen Ihrem <b> <a href=\"http:\/\/www.kreis-mettmann.de\/Weitere-Themen\/Verbraucherschutz-Tiere\/Heim-Nutztiere\/Tierseuchenbek\u00c3\u00a4mpfung\">zust\u00e4ndigen Amtsveterin\u00e4r<\/a> <\/b>schriftlich anzeigen, dass Sie Gefl\u00fcgel halten &#8211; ebenso wie die Anzahl der Tiere und ob Freilaufhaltung, Volierenhaltung oder Stallhaltung.<\/span><\/p>\n<p><span style=\"font-family: georgia, palatino, serif;\">F\u00fcr den Kreis Mettmann bekommen Sie <b> <a href=\"http:\/\/www.kreis-mettmann.de\/media\/custom\/478_485_1.PDF?loadDocument&amp;ObjSvrID=478&amp;ObjID=485&amp;ObjLa=1&amp;Ext=PDF&amp;La=1&amp;object=med|478.485.1\" target=\"_blank\" rel=\"noopener noreferrer\"> hier<\/a><\/b> ein Meldeformular f\u00fcr Ihre Haltung.\u00a0 Wie Sie dem Formular entnehmen k\u00f6nnen, m\u00f6chte man Ihre Registriernummer wissen &#8211; und damit kommen wir gleich zum n\u00e4chsten Punkt:<\/span><\/p>\n<p><span style=\"font-family: georgia, palatino, serif;\"><b>3. Meldung bei der Tierseuchenkasse<\/b><\/span><\/p>\n<p><span style=\"font-family: Verdana;\"><span style=\"font-family: georgia, palatino, serif;\">Sie sind verpflichtet, Ihre Tiere bei der <b> <a href=\"https:\/\/www.landwirtschaftskammer.de\/landwirtschaft\/tierseuchenkasse\/wir\/kontakt\/index.htm\">Tierseuchenkasse NRW<\/a> <\/b>zu melden. Ein Formular daf\u00fcr finden Sie <b> <a href=\"http:\/\/www.landwirtschaftskammer.de\/index.htm\" target=\"_blank\" rel=\"noopener noreferrer\">hier<\/a><\/b>. Die TSK weist Ihnen dann eine Registriernummer zu. Fortan bekommen<\/span> <span style=\"font-family: georgia, palatino, serif;\">Sie zum Jahresende eine Meldekarte, die Sie ausf\u00fcllen und zur\u00fccksenden m\u00fcssen.<\/span><\/span><\/p>\n<p><span style=\"font-family: georgia, palatino, serif;\"><b>4. Bestandsregister<\/b><\/span><\/p>\n<p><span style=\"font-family: georgia, palatino, serif;\">Sie m\u00fcssen ein s.g. Bestandsregister f\u00fchren, in welches Sie die Anzahl der Tiere, Zu- und Abg\u00e4nge usw. eintragen m\u00fcssen.<br \/>\n<\/span><\/p>\n<p><span style=\"font-family: georgia, palatino, serif;\"><b>5.<\/b> <b> <a href=\"http:\/\/www.gesetze-im-internet.de\/bundesrecht\/geflpestschv\/gesamt.pdf\" target=\"_blank\" rel=\"noopener noreferrer\">Verordnung zum Schutz gegen die Gefl\u00fcgelpest<\/a><\/b><\/span><\/p>\n<p><span style=\"font-family: georgia, palatino, serif;\">Im November 2010 meldeten die Nachrichtenagenturen, dass das Bundeslandwirtschaftsministerium \u00fcber eine Aufhebung der Stallpflicht nachdenkt und somit die Freilandhaltung als Regelhaltung wieder erm\u00f6glicht wird. Ob und wann sich der Entwurf sich in f\u00fcr die Rassegefl\u00fcgelzucht greifbare Realit\u00e4ten wandeln wird, muss sich erst noch zeigen.<\/span><\/p>\n<p><span style=\"font-family: georgia, palatino, serif;\"><b>6. Wassergefl\u00fcgel<\/b><\/span><\/p>\n<p><span style=\"font-family: georgia, palatino, serif;\">Sollten Sie sich f\u00fcr die Haltung von Wassergefl\u00fcgel (Enten, G\u00e4nse) entschieden haben, m\u00fcssen Sie ihren Bestand viertelj\u00e4hrlich virologisch auf hochpathogenes avi\u00e4res Influenzavirus untersuchen lassen sowie von H\u00fchnern getrennt halten. Die Ergebnisse der virologischen Untersuchung sind dem Veterin\u00e4ramt unverz\u00fcglich mitzuteilen sowie 1 Jahr lang aufzubewahren.<\/span><\/p>\n<p><span style=\"font-family: georgia, palatino, serif;\">Wollen Sie diese (mit Kosten) verbundenen Beprobungen vermeiden, m\u00fcssen Sie s.g. Sentineltiere mit dem Wassergefl\u00fcgel zusammen halten. Daf\u00fcr kommen H\u00fchner oder Puten in Frage, welche sich als besonders empfindlich gegen\u00fcber dem H5\/H7 Virus erwiesen haben &#8211; diesen also anzeigen, bevor Enten oder G\u00e4nse sichtbar erkranken.\u00a0 Aber Vorsicht &#8211; die Anzahl der gehaltenen Sentineltiere ist abh\u00e4ngig von der Anzahl des Wassergefl\u00fcgels! (siehe dazu Anlage 2 Absatz 2 der Verordnung).<\/span><\/p>\n<p><span style=\"font-family: georgia, palatino, serif;\">Sollten Sie sich f\u00fcr die Haltung von Sentineltieren entschieden haben, ist dies unverz\u00fcglich dem Veterin\u00e4ramt mitzuteilen. Sie sollten sich in jedem Falle dar\u00fcber eine Best\u00e4tigung geben lassen und diese aufbewahren.<\/span><\/p>\n<p><span style=\"font-family: georgia, palatino, serif;\">Werden Enten oder G\u00e4nse im Freilauf gehalten haben Sie jedes verendete Tier\u00a0 unverz\u00fcglich in einer von der zust\u00e4ndigen Beh\u00f6rde bestimmten Untersuchungseinrichtung auf hochpathogenes avi\u00e4res Influenzavirus virologisch untersuchen zu lassen!<\/span><\/p>\n","protected":false},"excerpt":{"rendered":"<p>Gesetze\/Pflichten f\u00fcr Gefl\u00fcgelhalter Die nachfolgend aufgef\u00fchrten Punkte gelten f\u00fcr alle Gefl\u00fcgelhalter &#8211; unabh\u00e4ngig von der Anzahl der gehaltenen Tiere! 1. Impfung gegen Newcastle Disease Gem\u00e4\u00df \u00a7 7 der Gefl\u00fcgelpest-Verordnung sind Sie verpflichtet, ihre H\u00fchner \/ Truth\u00fchner regelm\u00e4\u00dfig \u00fcber einen Tierarzt impfen zu lassen. Es gibt 2 Arten der Impfung, a) die Impfung per Spritze einmal im Jahr oder b) die Impfung \u00fcber Trinkwasser oder Spray alle 6 Wochen. Suchen Sie sich also einen Tierarzt, der sich auch mit Gefl\u00fcgel auskennt. Noch einfacher (und vor allem g\u00fcnstiger) wird das Ganze, wenn Sie einem Rassegefl\u00fcgelzuchtverein beitreten.\u00a0 Eine Auflistung der Vereine f\u00fcr den[&#8230;]<\/p>\n","protected":false},"author":1,"featured_media":0,"parent":0,"menu_order":0,"comment_status":"closed","ping_status":"closed","template":"","meta":[],"_links":{"self":[{"href":"http:\/\/www.kv-rassegefl\u00fcgelz\u00fcchter-mettmann.de\/index.php?rest_route=\/wp\/v2\/pages\/265"}],"collection":[{"href":"http:\/\/www.kv-rassegefl\u00fcgelz\u00fcchter-mettmann.de\/index.php?rest_route=\/wp\/v2\/pages"}],"about":[{"href":"http:\/\/www.kv-rassegefl\u00fcgelz\u00fcchter-mettmann.de\/index.php?rest_route=\/wp\/v2\/types\/page"}],"author":[{"embeddable":true,"href":"http:\/\/www.kv-rassegefl\u00fcgelz\u00fcchter-mettmann.de\/index.php?rest_route=\/wp\/v2\/users\/1"}],"replies":[{"embeddable":true,"href":"http:\/\/www.kv-rassegefl\u00fcgelz\u00fcchter-mettmann.de\/index.php?rest_route=%2Fwp%2Fv2%2Fcomments&post=265"}],"version-history":[{"count":8,"href":"http:\/\/www.kv-rassegefl\u00fcgelz\u00fcchter-mettmann.de\/index.php?rest_route=\/wp\/v2\/pages\/265\/revisions"}],"predecessor-version":[{"id":577,"href":"http:\/\/www.kv-rassegefl\u00fcgelz\u00fcchter-mettmann.de\/index.php?rest_route=\/wp\/v2\/pages\/265\/revisions\/577"}],"wp:attachment":[{"href":"http:\/\/www.kv-rassegefl\u00fcgelz\u00fcchter-mettmann.de\/index.php?rest_route=%2Fwp%2Fv2%2Fmedia&parent=265"}],"curies":[{"name":"wp","href":"https:\/\/api.w.org\/{rel}","templated":true}]}}