{"id":261,"date":"2018-03-14T13:52:46","date_gmt":"2018-03-14T12:52:46","guid":{"rendered":"http:\/\/www.kv-rassegefl\u00fcgelz\u00fcchter-mettmann.de\/\/?page_id=261"},"modified":"2026-01-02T19:48:41","modified_gmt":"2026-01-02T18:48:41","slug":"termine","status":"publish","type":"page","link":"http:\/\/www.kv-rassegefl\u00fcgelz\u00fcchter-mettmann.de\/","title":{"rendered":"Aktuelles"},"content":{"rendered":"<p style=\"text-align: center;\"><span style=\"font-family: georgia, palatino, serif;\">Sie m\u00f6chten mehr \u00fcber die Rassegefl\u00fcgelzucht wissen? Besuchen Sie uns bei unseren Veranstaltungen und sprechen Sie uns an. Nachstehend finden Sie eine \u00dcbersicht \u00fcber die aktuell anstehenden Termine.<\/span><\/p>\n<p>\u00a0<\/p>\n<table style=\"height: 38px; width: 91.1367%; border-color: #0a0a0a;\">\n<tbody>\n<tr style=\"height: 65px;\">\n<td style=\"width: 99.0111%; height: 10px; text-align: center;\">\n<p><span style=\"color: #ff0000;\"><strong>Der Kreisverband w\u00fcnscht allen ein Frohes Neues Jahr!<\/strong><\/span><\/p>\n<\/td>\n<td style=\"width: 8.83013%; height: 10px;\">\u00a0<\/td>\n<\/tr>\n<tr style=\"height: 68px;\">\n<td style=\"width: 99.0111%; height: 28px;\">\u00a0<\/td>\n<td style=\"width: 8.83013%; height: 28px;\">\u00a0<\/td>\n<\/tr>\n<\/tbody>\n<\/table>\n<p style=\"text-align: center;\">Unsere Mitglieder k\u00f6nnen ihre geplanten Termine hier ver\u00f6ffentlichen. Bitte senden Sie eine E-Mail an<br \/><span style=\"font-family: georgia, palatino, serif;\"> <a href=\"mailto:danielakinder@web.de\">danielakinder@web.de<\/a><\/span><\/p>\n<p>\u00a0<\/p>\n<h4>Fotos von der Kreisschau 2024:<\/h4>\n<p><img decoding=\"async\" loading=\"lazy\" class=\"alignnone size-medium wp-image-727\" src=\"http:\/\/www.kv-rassegefl\u00fcgelz\u00fcchter-mettmann.de\/wp-content\/uploads\/2024\/12\/20241117_095533-rotated-e1734359782368-225x300.jpg\" alt=\"\" width=\"225\" height=\"300\" srcset=\"http:\/\/www.kv-rassegefl\u00fcgelz\u00fcchter-mettmann.de\/wp-content\/uploads\/2024\/12\/20241117_095533-rotated-e1734359782368-225x300.jpg 225w, http:\/\/www.kv-rassegefl\u00fcgelz\u00fcchter-mettmann.de\/wp-content\/uploads\/2024\/12\/20241117_095533-rotated-e1734359782368-370x493.jpg 370w, http:\/\/www.kv-rassegefl\u00fcgelz\u00fcchter-mettmann.de\/wp-content\/uploads\/2024\/12\/20241117_095533-rotated-e1734359782368.jpg 768w\" sizes=\"(max-width: 225px) 100vw, 225px\" \/> <img decoding=\"async\" loading=\"lazy\" class=\"alignnone size-medium wp-image-726\" src=\"http:\/\/www.kv-rassegefl\u00fcgelz\u00fcchter-mettmann.de\/wp-content\/uploads\/2024\/12\/20241117_095453-rotated-e1734359770120-225x300.jpg\" alt=\"\" width=\"225\" height=\"300\" srcset=\"http:\/\/www.kv-rassegefl\u00fcgelz\u00fcchter-mettmann.de\/wp-content\/uploads\/2024\/12\/20241117_095453-rotated-e1734359770120-225x300.jpg 225w, http:\/\/www.kv-rassegefl\u00fcgelz\u00fcchter-mettmann.de\/wp-content\/uploads\/2024\/12\/20241117_095453-rotated-e1734359770120-370x493.jpg 370w, http:\/\/www.kv-rassegefl\u00fcgelz\u00fcchter-mettmann.de\/wp-content\/uploads\/2024\/12\/20241117_095453-rotated-e1734359770120.jpg 768w\" sizes=\"(max-width: 225px) 100vw, 225px\" \/> <img decoding=\"async\" loading=\"lazy\" class=\"alignnone size-medium wp-image-725\" src=\"http:\/\/www.kv-rassegefl\u00fcgelz\u00fcchter-mettmann.de\/wp-content\/uploads\/2024\/12\/20241117_095444-rotated-e1734359758773-225x300.jpg\" alt=\"\" width=\"225\" height=\"300\" srcset=\"http:\/\/www.kv-rassegefl\u00fcgelz\u00fcchter-mettmann.de\/wp-content\/uploads\/2024\/12\/20241117_095444-rotated-e1734359758773-225x300.jpg 225w, http:\/\/www.kv-rassegefl\u00fcgelz\u00fcchter-mettmann.de\/wp-content\/uploads\/2024\/12\/20241117_095444-rotated-e1734359758773-370x493.jpg 370w, http:\/\/www.kv-rassegefl\u00fcgelz\u00fcchter-mettmann.de\/wp-content\/uploads\/2024\/12\/20241117_095444-rotated-e1734359758773.jpg 768w\" sizes=\"(max-width: 225px) 100vw, 225px\" \/> <img decoding=\"async\" loading=\"lazy\" class=\"alignnone size-medium wp-image-724\" src=\"http:\/\/www.kv-rassegefl\u00fcgelz\u00fcchter-mettmann.de\/wp-content\/uploads\/2024\/12\/20241117_095420-rotated-e1734359746919-225x300.jpg\" alt=\"\" width=\"225\" height=\"300\" srcset=\"http:\/\/www.kv-rassegefl\u00fcgelz\u00fcchter-mettmann.de\/wp-content\/uploads\/2024\/12\/20241117_095420-rotated-e1734359746919-225x300.jpg 225w, http:\/\/www.kv-rassegefl\u00fcgelz\u00fcchter-mettmann.de\/wp-content\/uploads\/2024\/12\/20241117_095420-rotated-e1734359746919-370x493.jpg 370w, http:\/\/www.kv-rassegefl\u00fcgelz\u00fcchter-mettmann.de\/wp-content\/uploads\/2024\/12\/20241117_095420-rotated-e1734359746919.jpg 768w\" sizes=\"(max-width: 225px) 100vw, 225px\" \/> <img decoding=\"async\" loading=\"lazy\" class=\"alignnone size-medium wp-image-723\" src=\"http:\/\/www.kv-rassegefl\u00fcgelz\u00fcchter-mettmann.de\/wp-content\/uploads\/2024\/12\/20241117_095404-rotated-e1734359735419-225x300.jpg\" alt=\"\" width=\"225\" height=\"300\" srcset=\"http:\/\/www.kv-rassegefl\u00fcgelz\u00fcchter-mettmann.de\/wp-content\/uploads\/2024\/12\/20241117_095404-rotated-e1734359735419-225x300.jpg 225w, http:\/\/www.kv-rassegefl\u00fcgelz\u00fcchter-mettmann.de\/wp-content\/uploads\/2024\/12\/20241117_095404-rotated-e1734359735419-370x493.jpg 370w, http:\/\/www.kv-rassegefl\u00fcgelz\u00fcchter-mettmann.de\/wp-content\/uploads\/2024\/12\/20241117_095404-rotated-e1734359735419.jpg 768w\" sizes=\"(max-width: 225px) 100vw, 225px\" \/> <img decoding=\"async\" loading=\"lazy\" class=\"alignnone size-medium wp-image-722\" src=\"http:\/\/www.kv-rassegefl\u00fcgelz\u00fcchter-mettmann.de\/wp-content\/uploads\/2024\/12\/20241117_095339-rotated-e1734359723471-225x300.jpg\" alt=\"\" width=\"225\" height=\"300\" srcset=\"http:\/\/www.kv-rassegefl\u00fcgelz\u00fcchter-mettmann.de\/wp-content\/uploads\/2024\/12\/20241117_095339-rotated-e1734359723471-225x300.jpg 225w, http:\/\/www.kv-rassegefl\u00fcgelz\u00fcchter-mettmann.de\/wp-content\/uploads\/2024\/12\/20241117_095339-rotated-e1734359723471-370x493.jpg 370w, http:\/\/www.kv-rassegefl\u00fcgelz\u00fcchter-mettmann.de\/wp-content\/uploads\/2024\/12\/20241117_095339-rotated-e1734359723471.jpg 768w\" sizes=\"(max-width: 225px) 100vw, 225px\" \/> <img decoding=\"async\" loading=\"lazy\" class=\"alignnone size-medium wp-image-721\" src=\"http:\/\/www.kv-rassegefl\u00fcgelz\u00fcchter-mettmann.de\/wp-content\/uploads\/2024\/12\/20241117_095326-rotated-e1734359711808-225x300.jpg\" alt=\"\" width=\"225\" height=\"300\" srcset=\"http:\/\/www.kv-rassegefl\u00fcgelz\u00fcchter-mettmann.de\/wp-content\/uploads\/2024\/12\/20241117_095326-rotated-e1734359711808-225x300.jpg 225w, http:\/\/www.kv-rassegefl\u00fcgelz\u00fcchter-mettmann.de\/wp-content\/uploads\/2024\/12\/20241117_095326-rotated-e1734359711808-370x493.jpg 370w, http:\/\/www.kv-rassegefl\u00fcgelz\u00fcchter-mettmann.de\/wp-content\/uploads\/2024\/12\/20241117_095326-rotated-e1734359711808.jpg 768w\" sizes=\"(max-width: 225px) 100vw, 225px\" \/> <img decoding=\"async\" loading=\"lazy\" class=\"alignnone size-medium wp-image-720\" src=\"http:\/\/www.kv-rassegefl\u00fcgelz\u00fcchter-mettmann.de\/wp-content\/uploads\/2024\/12\/20241117_095300-rotated-e1734359700683-225x300.jpg\" alt=\"\" width=\"225\" height=\"300\" srcset=\"http:\/\/www.kv-rassegefl\u00fcgelz\u00fcchter-mettmann.de\/wp-content\/uploads\/2024\/12\/20241117_095300-rotated-e1734359700683-225x300.jpg 225w, http:\/\/www.kv-rassegefl\u00fcgelz\u00fcchter-mettmann.de\/wp-content\/uploads\/2024\/12\/20241117_095300-rotated-e1734359700683-370x493.jpg 370w, http:\/\/www.kv-rassegefl\u00fcgelz\u00fcchter-mettmann.de\/wp-content\/uploads\/2024\/12\/20241117_095300-rotated-e1734359700683.jpg 768w\" sizes=\"(max-width: 225px) 100vw, 225px\" \/> <img decoding=\"async\" loading=\"lazy\" class=\"alignnone size-medium wp-image-719\" src=\"http:\/\/www.kv-rassegefl\u00fcgelz\u00fcchter-mettmann.de\/wp-content\/uploads\/2024\/12\/20241117_095156-rotated-e1734359688997-225x300.jpg\" alt=\"\" width=\"225\" height=\"300\" srcset=\"http:\/\/www.kv-rassegefl\u00fcgelz\u00fcchter-mettmann.de\/wp-content\/uploads\/2024\/12\/20241117_095156-rotated-e1734359688997-225x300.jpg 225w, http:\/\/www.kv-rassegefl\u00fcgelz\u00fcchter-mettmann.de\/wp-content\/uploads\/2024\/12\/20241117_095156-rotated-e1734359688997-370x493.jpg 370w, http:\/\/www.kv-rassegefl\u00fcgelz\u00fcchter-mettmann.de\/wp-content\/uploads\/2024\/12\/20241117_095156-rotated-e1734359688997.jpg 768w\" sizes=\"(max-width: 225px) 100vw, 225px\" \/> <img decoding=\"async\" loading=\"lazy\" class=\"alignnone size-medium wp-image-718\" src=\"http:\/\/www.kv-rassegefl\u00fcgelz\u00fcchter-mettmann.de\/wp-content\/uploads\/2024\/12\/20241117_095142-rotated-e1734359677300-225x300.jpg\" alt=\"\" width=\"225\" height=\"300\" srcset=\"http:\/\/www.kv-rassegefl\u00fcgelz\u00fcchter-mettmann.de\/wp-content\/uploads\/2024\/12\/20241117_095142-rotated-e1734359677300-225x300.jpg 225w, http:\/\/www.kv-rassegefl\u00fcgelz\u00fcchter-mettmann.de\/wp-content\/uploads\/2024\/12\/20241117_095142-rotated-e1734359677300-370x493.jpg 370w, http:\/\/www.kv-rassegefl\u00fcgelz\u00fcchter-mettmann.de\/wp-content\/uploads\/2024\/12\/20241117_095142-rotated-e1734359677300.jpg 768w\" sizes=\"(max-width: 225px) 100vw, 225px\" \/> <img decoding=\"async\" loading=\"lazy\" class=\"alignnone size-medium wp-image-717\" src=\"http:\/\/www.kv-rassegefl\u00fcgelz\u00fcchter-mettmann.de\/wp-content\/uploads\/2024\/12\/20241117_095136-rotated-e1734359667739-225x300.jpg\" alt=\"\" width=\"225\" height=\"300\" srcset=\"http:\/\/www.kv-rassegefl\u00fcgelz\u00fcchter-mettmann.de\/wp-content\/uploads\/2024\/12\/20241117_095136-rotated-e1734359667739-225x300.jpg 225w, http:\/\/www.kv-rassegefl\u00fcgelz\u00fcchter-mettmann.de\/wp-content\/uploads\/2024\/12\/20241117_095136-rotated-e1734359667739-370x493.jpg 370w, http:\/\/www.kv-rassegefl\u00fcgelz\u00fcchter-mettmann.de\/wp-content\/uploads\/2024\/12\/20241117_095136-rotated-e1734359667739.jpg 768w\" sizes=\"(max-width: 225px) 100vw, 225px\" \/> <img decoding=\"async\" loading=\"lazy\" class=\"alignnone size-medium wp-image-716\" src=\"http:\/\/www.kv-rassegefl\u00fcgelz\u00fcchter-mettmann.de\/wp-content\/uploads\/2024\/12\/20241117_095128-rotated-e1734359656775-225x300.jpg\" alt=\"\" width=\"225\" height=\"300\" srcset=\"http:\/\/www.kv-rassegefl\u00fcgelz\u00fcchter-mettmann.de\/wp-content\/uploads\/2024\/12\/20241117_095128-rotated-e1734359656775-225x300.jpg 225w, http:\/\/www.kv-rassegefl\u00fcgelz\u00fcchter-mettmann.de\/wp-content\/uploads\/2024\/12\/20241117_095128-rotated-e1734359656775-370x493.jpg 370w, http:\/\/www.kv-rassegefl\u00fcgelz\u00fcchter-mettmann.de\/wp-content\/uploads\/2024\/12\/20241117_095128-rotated-e1734359656775.jpg 768w\" sizes=\"(max-width: 225px) 100vw, 225px\" \/> <img decoding=\"async\" loading=\"lazy\" class=\"alignnone size-medium wp-image-715\" src=\"http:\/\/www.kv-rassegefl\u00fcgelz\u00fcchter-mettmann.de\/wp-content\/uploads\/2024\/12\/20241117_095050-rotated-e1734359646569-225x300.jpg\" alt=\"\" width=\"225\" height=\"300\" srcset=\"http:\/\/www.kv-rassegefl\u00fcgelz\u00fcchter-mettmann.de\/wp-content\/uploads\/2024\/12\/20241117_095050-rotated-e1734359646569-225x300.jpg 225w, http:\/\/www.kv-rassegefl\u00fcgelz\u00fcchter-mettmann.de\/wp-content\/uploads\/2024\/12\/20241117_095050-rotated-e1734359646569-370x493.jpg 370w, http:\/\/www.kv-rassegefl\u00fcgelz\u00fcchter-mettmann.de\/wp-content\/uploads\/2024\/12\/20241117_095050-rotated-e1734359646569.jpg 768w\" sizes=\"(max-width: 225px) 100vw, 225px\" \/> <img decoding=\"async\" loading=\"lazy\" class=\"alignnone size-medium wp-image-714\" src=\"http:\/\/www.kv-rassegefl\u00fcgelz\u00fcchter-mettmann.de\/wp-content\/uploads\/2024\/12\/20241117_095043-rotated-e1734359636235-225x300.jpg\" alt=\"\" width=\"225\" height=\"300\" srcset=\"http:\/\/www.kv-rassegefl\u00fcgelz\u00fcchter-mettmann.de\/wp-content\/uploads\/2024\/12\/20241117_095043-rotated-e1734359636235-225x300.jpg 225w, http:\/\/www.kv-rassegefl\u00fcgelz\u00fcchter-mettmann.de\/wp-content\/uploads\/2024\/12\/20241117_095043-rotated-e1734359636235-370x493.jpg 370w, http:\/\/www.kv-rassegefl\u00fcgelz\u00fcchter-mettmann.de\/wp-content\/uploads\/2024\/12\/20241117_095043-rotated-e1734359636235.jpg 768w\" sizes=\"(max-width: 225px) 100vw, 225px\" \/> <img decoding=\"async\" loading=\"lazy\" class=\"alignnone size-medium wp-image-713\" src=\"http:\/\/www.kv-rassegefl\u00fcgelz\u00fcchter-mettmann.de\/wp-content\/uploads\/2024\/12\/20241117_095011-rotated-e1734359623289-225x300.jpg\" alt=\"\" width=\"225\" height=\"300\" srcset=\"http:\/\/www.kv-rassegefl\u00fcgelz\u00fcchter-mettmann.de\/wp-content\/uploads\/2024\/12\/20241117_095011-rotated-e1734359623289-225x300.jpg 225w, http:\/\/www.kv-rassegefl\u00fcgelz\u00fcchter-mettmann.de\/wp-content\/uploads\/2024\/12\/20241117_095011-rotated-e1734359623289-370x493.jpg 370w, http:\/\/www.kv-rassegefl\u00fcgelz\u00fcchter-mettmann.de\/wp-content\/uploads\/2024\/12\/20241117_095011-rotated-e1734359623289.jpg 768w\" sizes=\"(max-width: 225px) 100vw, 225px\" \/> <img decoding=\"async\" loading=\"lazy\" class=\"alignnone size-medium wp-image-712\" src=\"http:\/\/www.kv-rassegefl\u00fcgelz\u00fcchter-mettmann.de\/wp-content\/uploads\/2024\/12\/20241117_094956-rotated-e1734359612248-225x300.jpg\" alt=\"\" width=\"225\" height=\"300\" srcset=\"http:\/\/www.kv-rassegefl\u00fcgelz\u00fcchter-mettmann.de\/wp-content\/uploads\/2024\/12\/20241117_094956-rotated-e1734359612248-225x300.jpg 225w, http:\/\/www.kv-rassegefl\u00fcgelz\u00fcchter-mettmann.de\/wp-content\/uploads\/2024\/12\/20241117_094956-rotated-e1734359612248-370x493.jpg 370w, http:\/\/www.kv-rassegefl\u00fcgelz\u00fcchter-mettmann.de\/wp-content\/uploads\/2024\/12\/20241117_094956-rotated-e1734359612248.jpg 768w\" sizes=\"(max-width: 225px) 100vw, 225px\" \/> <img decoding=\"async\" loading=\"lazy\" class=\"alignnone size-medium wp-image-711\" src=\"http:\/\/www.kv-rassegefl\u00fcgelz\u00fcchter-mettmann.de\/wp-content\/uploads\/2024\/12\/20241117_094941-rotated-e1734359601247-225x300.jpg\" alt=\"\" width=\"225\" height=\"300\" srcset=\"http:\/\/www.kv-rassegefl\u00fcgelz\u00fcchter-mettmann.de\/wp-content\/uploads\/2024\/12\/20241117_094941-rotated-e1734359601247-225x300.jpg 225w, http:\/\/www.kv-rassegefl\u00fcgelz\u00fcchter-mettmann.de\/wp-content\/uploads\/2024\/12\/20241117_094941-rotated-e1734359601247-370x493.jpg 370w, http:\/\/www.kv-rassegefl\u00fcgelz\u00fcchter-mettmann.de\/wp-content\/uploads\/2024\/12\/20241117_094941-rotated-e1734359601247.jpg 768w\" sizes=\"(max-width: 225px) 100vw, 225px\" \/> <img decoding=\"async\" loading=\"lazy\" class=\"alignnone size-medium wp-image-710\" src=\"http:\/\/www.kv-rassegefl\u00fcgelz\u00fcchter-mettmann.de\/wp-content\/uploads\/2024\/12\/20241117_094930-rotated-e1734359590460-225x300.jpg\" alt=\"\" width=\"225\" height=\"300\" srcset=\"http:\/\/www.kv-rassegefl\u00fcgelz\u00fcchter-mettmann.de\/wp-content\/uploads\/2024\/12\/20241117_094930-rotated-e1734359590460-225x300.jpg 225w, http:\/\/www.kv-rassegefl\u00fcgelz\u00fcchter-mettmann.de\/wp-content\/uploads\/2024\/12\/20241117_094930-rotated-e1734359590460-370x493.jpg 370w, http:\/\/www.kv-rassegefl\u00fcgelz\u00fcchter-mettmann.de\/wp-content\/uploads\/2024\/12\/20241117_094930-rotated-e1734359590460.jpg 768w\" sizes=\"(max-width: 225px) 100vw, 225px\" \/> <img decoding=\"async\" loading=\"lazy\" class=\"alignnone size-medium wp-image-709\" src=\"http:\/\/www.kv-rassegefl\u00fcgelz\u00fcchter-mettmann.de\/wp-content\/uploads\/2024\/12\/20241117_094903-rotated-e1734359577423-225x300.jpg\" alt=\"\" width=\"225\" height=\"300\" srcset=\"http:\/\/www.kv-rassegefl\u00fcgelz\u00fcchter-mettmann.de\/wp-content\/uploads\/2024\/12\/20241117_094903-rotated-e1734359577423-225x300.jpg 225w, http:\/\/www.kv-rassegefl\u00fcgelz\u00fcchter-mettmann.de\/wp-content\/uploads\/2024\/12\/20241117_094903-rotated-e1734359577423-370x493.jpg 370w, http:\/\/www.kv-rassegefl\u00fcgelz\u00fcchter-mettmann.de\/wp-content\/uploads\/2024\/12\/20241117_094903-rotated-e1734359577423.jpg 768w\" sizes=\"(max-width: 225px) 100vw, 225px\" \/> <img decoding=\"async\" loading=\"lazy\" class=\"alignnone size-medium wp-image-708\" src=\"http:\/\/www.kv-rassegefl\u00fcgelz\u00fcchter-mettmann.de\/wp-content\/uploads\/2024\/12\/20241117_094850-rotated-e1734359561653-225x300.jpg\" alt=\"\" width=\"225\" height=\"300\" srcset=\"http:\/\/www.kv-rassegefl\u00fcgelz\u00fcchter-mettmann.de\/wp-content\/uploads\/2024\/12\/20241117_094850-rotated-e1734359561653-225x300.jpg 225w, http:\/\/www.kv-rassegefl\u00fcgelz\u00fcchter-mettmann.de\/wp-content\/uploads\/2024\/12\/20241117_094850-rotated-e1734359561653-370x493.jpg 370w, http:\/\/www.kv-rassegefl\u00fcgelz\u00fcchter-mettmann.de\/wp-content\/uploads\/2024\/12\/20241117_094850-rotated-e1734359561653.jpg 768w\" sizes=\"(max-width: 225px) 100vw, 225px\" \/> <img decoding=\"async\" loading=\"lazy\" class=\"alignnone size-medium wp-image-707\" src=\"http:\/\/www.kv-rassegefl\u00fcgelz\u00fcchter-mettmann.de\/wp-content\/uploads\/2024\/12\/20241117_094833-rotated-e1734359546880-225x300.jpg\" alt=\"\" width=\"225\" height=\"300\" srcset=\"http:\/\/www.kv-rassegefl\u00fcgelz\u00fcchter-mettmann.de\/wp-content\/uploads\/2024\/12\/20241117_094833-rotated-e1734359546880-225x300.jpg 225w, http:\/\/www.kv-rassegefl\u00fcgelz\u00fcchter-mettmann.de\/wp-content\/uploads\/2024\/12\/20241117_094833-rotated-e1734359546880-370x493.jpg 370w, http:\/\/www.kv-rassegefl\u00fcgelz\u00fcchter-mettmann.de\/wp-content\/uploads\/2024\/12\/20241117_094833-rotated-e1734359546880.jpg 768w\" sizes=\"(max-width: 225px) 100vw, 225px\" \/> <img decoding=\"async\" loading=\"lazy\" class=\"alignnone size-medium wp-image-706\" src=\"http:\/\/www.kv-rassegefl\u00fcgelz\u00fcchter-mettmann.de\/wp-content\/uploads\/2024\/12\/20241117_094810-244x300.jpg\" alt=\"\" width=\"244\" height=\"300\" srcset=\"http:\/\/www.kv-rassegefl\u00fcgelz\u00fcchter-mettmann.de\/wp-content\/uploads\/2024\/12\/20241117_094810-244x300.jpg 244w, http:\/\/www.kv-rassegefl\u00fcgelz\u00fcchter-mettmann.de\/wp-content\/uploads\/2024\/12\/20241117_094810-370x455.jpg 370w, http:\/\/www.kv-rassegefl\u00fcgelz\u00fcchter-mettmann.de\/wp-content\/uploads\/2024\/12\/20241117_094810.jpg 768w\" sizes=\"(max-width: 244px) 100vw, 244px\" \/> <img decoding=\"async\" loading=\"lazy\" class=\"alignnone size-medium wp-image-705\" src=\"http:\/\/www.kv-rassegefl\u00fcgelz\u00fcchter-mettmann.de\/wp-content\/uploads\/2024\/12\/20241117_094755-rotated-e1734359531316-225x300.jpg\" alt=\"\" width=\"225\" height=\"300\" srcset=\"http:\/\/www.kv-rassegefl\u00fcgelz\u00fcchter-mettmann.de\/wp-content\/uploads\/2024\/12\/20241117_094755-rotated-e1734359531316-225x300.jpg 225w, http:\/\/www.kv-rassegefl\u00fcgelz\u00fcchter-mettmann.de\/wp-content\/uploads\/2024\/12\/20241117_094755-rotated-e1734359531316-370x493.jpg 370w, http:\/\/www.kv-rassegefl\u00fcgelz\u00fcchter-mettmann.de\/wp-content\/uploads\/2024\/12\/20241117_094755-rotated-e1734359531316.jpg 768w\" sizes=\"(max-width: 225px) 100vw, 225px\" \/> <img decoding=\"async\" loading=\"lazy\" class=\"alignnone size-medium wp-image-704\" src=\"http:\/\/www.kv-rassegefl\u00fcgelz\u00fcchter-mettmann.de\/wp-content\/uploads\/2024\/12\/20241117_094635-rotated-e1734359512746-225x300.jpg\" alt=\"\" width=\"225\" height=\"300\" srcset=\"http:\/\/www.kv-rassegefl\u00fcgelz\u00fcchter-mettmann.de\/wp-content\/uploads\/2024\/12\/20241117_094635-rotated-e1734359512746-225x300.jpg 225w, http:\/\/www.kv-rassegefl\u00fcgelz\u00fcchter-mettmann.de\/wp-content\/uploads\/2024\/12\/20241117_094635-rotated-e1734359512746-370x493.jpg 370w, http:\/\/www.kv-rassegefl\u00fcgelz\u00fcchter-mettmann.de\/wp-content\/uploads\/2024\/12\/20241117_094635-rotated-e1734359512746.jpg 768w\" sizes=\"(max-width: 225px) 100vw, 225px\" \/> <img decoding=\"async\" loading=\"lazy\" class=\"alignnone size-medium wp-image-703\" src=\"http:\/\/www.kv-rassegefl\u00fcgelz\u00fcchter-mettmann.de\/wp-content\/uploads\/2024\/12\/20241117_094616-rotated-e1734359496913-225x300.jpg\" alt=\"\" width=\"225\" height=\"300\" srcset=\"http:\/\/www.kv-rassegefl\u00fcgelz\u00fcchter-mettmann.de\/wp-content\/uploads\/2024\/12\/20241117_094616-rotated-e1734359496913-225x300.jpg 225w, http:\/\/www.kv-rassegefl\u00fcgelz\u00fcchter-mettmann.de\/wp-content\/uploads\/2024\/12\/20241117_094616-rotated-e1734359496913-370x493.jpg 370w, http:\/\/www.kv-rassegefl\u00fcgelz\u00fcchter-mettmann.de\/wp-content\/uploads\/2024\/12\/20241117_094616-rotated-e1734359496913.jpg 768w\" sizes=\"(max-width: 225px) 100vw, 225px\" \/> <img decoding=\"async\" loading=\"lazy\" class=\"alignnone size-medium wp-image-702\" src=\"http:\/\/www.kv-rassegefl\u00fcgelz\u00fcchter-mettmann.de\/wp-content\/uploads\/2024\/12\/20241117_094556-rotated-e1734359482189-225x300.jpg\" alt=\"\" width=\"225\" height=\"300\" srcset=\"http:\/\/www.kv-rassegefl\u00fcgelz\u00fcchter-mettmann.de\/wp-content\/uploads\/2024\/12\/20241117_094556-rotated-e1734359482189-225x300.jpg 225w, http:\/\/www.kv-rassegefl\u00fcgelz\u00fcchter-mettmann.de\/wp-content\/uploads\/2024\/12\/20241117_094556-rotated-e1734359482189-370x493.jpg 370w, http:\/\/www.kv-rassegefl\u00fcgelz\u00fcchter-mettmann.de\/wp-content\/uploads\/2024\/12\/20241117_094556-rotated-e1734359482189.jpg 768w\" sizes=\"(max-width: 225px) 100vw, 225px\" \/> <img decoding=\"async\" loading=\"lazy\" class=\"alignnone size-medium wp-image-701\" src=\"http:\/\/www.kv-rassegefl\u00fcgelz\u00fcchter-mettmann.de\/wp-content\/uploads\/2024\/12\/20241117_094517-268x300.jpg\" alt=\"\" width=\"268\" height=\"300\" srcset=\"http:\/\/www.kv-rassegefl\u00fcgelz\u00fcchter-mettmann.de\/wp-content\/uploads\/2024\/12\/20241117_094517-268x300.jpg 268w, http:\/\/www.kv-rassegefl\u00fcgelz\u00fcchter-mettmann.de\/wp-content\/uploads\/2024\/12\/20241117_094517-370x415.jpg 370w, http:\/\/www.kv-rassegefl\u00fcgelz\u00fcchter-mettmann.de\/wp-content\/uploads\/2024\/12\/20241117_094517.jpg 768w\" sizes=\"(max-width: 268px) 100vw, 268px\" \/> <img decoding=\"async\" loading=\"lazy\" class=\"alignnone size-medium wp-image-700\" src=\"http:\/\/www.kv-rassegefl\u00fcgelz\u00fcchter-mettmann.de\/wp-content\/uploads\/2024\/12\/20241117_094344-rotated-e1734359468734-225x300.jpg\" alt=\"\" width=\"225\" height=\"300\" srcset=\"http:\/\/www.kv-rassegefl\u00fcgelz\u00fcchter-mettmann.de\/wp-content\/uploads\/2024\/12\/20241117_094344-rotated-e1734359468734-225x300.jpg 225w, http:\/\/www.kv-rassegefl\u00fcgelz\u00fcchter-mettmann.de\/wp-content\/uploads\/2024\/12\/20241117_094344-rotated-e1734359468734-370x493.jpg 370w, http:\/\/www.kv-rassegefl\u00fcgelz\u00fcchter-mettmann.de\/wp-content\/uploads\/2024\/12\/20241117_094344-rotated-e1734359468734.jpg 768w\" sizes=\"(max-width: 225px) 100vw, 225px\" \/> <img decoding=\"async\" loading=\"lazy\" class=\"alignnone size-medium wp-image-699\" src=\"http:\/\/www.kv-rassegefl\u00fcgelz\u00fcchter-mettmann.de\/wp-content\/uploads\/2024\/12\/20241116_191526-rotated-e1734359454974-225x300.jpg\" alt=\"\" width=\"225\" height=\"300\" srcset=\"http:\/\/www.kv-rassegefl\u00fcgelz\u00fcchter-mettmann.de\/wp-content\/uploads\/2024\/12\/20241116_191526-rotated-e1734359454974-225x300.jpg 225w, http:\/\/www.kv-rassegefl\u00fcgelz\u00fcchter-mettmann.de\/wp-content\/uploads\/2024\/12\/20241116_191526-rotated-e1734359454974-370x493.jpg 370w, http:\/\/www.kv-rassegefl\u00fcgelz\u00fcchter-mettmann.de\/wp-content\/uploads\/2024\/12\/20241116_191526-rotated-e1734359454974.jpg 768w\" sizes=\"(max-width: 225px) 100vw, 225px\" \/> <img decoding=\"async\" loading=\"lazy\" class=\"alignnone size-medium wp-image-698\" src=\"http:\/\/www.kv-rassegefl\u00fcgelz\u00fcchter-mettmann.de\/wp-content\/uploads\/2024\/12\/20241116_191456-rotated-e1734359438785-225x300.jpg\" alt=\"\" width=\"225\" height=\"300\" srcset=\"http:\/\/www.kv-rassegefl\u00fcgelz\u00fcchter-mettmann.de\/wp-content\/uploads\/2024\/12\/20241116_191456-rotated-e1734359438785-225x300.jpg 225w, http:\/\/www.kv-rassegefl\u00fcgelz\u00fcchter-mettmann.de\/wp-content\/uploads\/2024\/12\/20241116_191456-rotated-e1734359438785-370x493.jpg 370w, http:\/\/www.kv-rassegefl\u00fcgelz\u00fcchter-mettmann.de\/wp-content\/uploads\/2024\/12\/20241116_191456-rotated-e1734359438785.jpg 768w\" sizes=\"(max-width: 225px) 100vw, 225px\" \/> <img decoding=\"async\" loading=\"lazy\" class=\"alignnone size-medium wp-image-697\" src=\"http:\/\/www.kv-rassegefl\u00fcgelz\u00fcchter-mettmann.de\/wp-content\/uploads\/2024\/12\/20241116_191436-rotated-e1734359411811-225x300.jpg\" alt=\"\" width=\"225\" height=\"300\" srcset=\"http:\/\/www.kv-rassegefl\u00fcgelz\u00fcchter-mettmann.de\/wp-content\/uploads\/2024\/12\/20241116_191436-rotated-e1734359411811-225x300.jpg 225w, http:\/\/www.kv-rassegefl\u00fcgelz\u00fcchter-mettmann.de\/wp-content\/uploads\/2024\/12\/20241116_191436-rotated-e1734359411811-370x493.jpg 370w, http:\/\/www.kv-rassegefl\u00fcgelz\u00fcchter-mettmann.de\/wp-content\/uploads\/2024\/12\/20241116_191436-rotated-e1734359411811.jpg 768w\" sizes=\"(max-width: 225px) 100vw, 225px\" \/> <img decoding=\"async\" loading=\"lazy\" class=\"alignnone size-medium wp-image-696\" src=\"http:\/\/www.kv-rassegefl\u00fcgelz\u00fcchter-mettmann.de\/wp-content\/uploads\/2024\/12\/20241116_191358-rotated-e1734359389949-225x300.jpg\" alt=\"\" width=\"225\" height=\"300\" srcset=\"http:\/\/www.kv-rassegefl\u00fcgelz\u00fcchter-mettmann.de\/wp-content\/uploads\/2024\/12\/20241116_191358-rotated-e1734359389949-225x300.jpg 225w, http:\/\/www.kv-rassegefl\u00fcgelz\u00fcchter-mettmann.de\/wp-content\/uploads\/2024\/12\/20241116_191358-rotated-e1734359389949-370x493.jpg 370w, http:\/\/www.kv-rassegefl\u00fcgelz\u00fcchter-mettmann.de\/wp-content\/uploads\/2024\/12\/20241116_191358-rotated-e1734359389949.jpg 768w\" sizes=\"(max-width: 225px) 100vw, 225px\" \/><\/p>\n\n\n<p><\/p>\n","protected":false},"excerpt":{"rendered":"<p>Sie m\u00f6chten mehr \u00fcber die Rassegefl\u00fcgelzucht wissen? Besuchen Sie uns bei unseren Veranstaltungen und sprechen Sie uns an. Nachstehend finden Sie eine \u00dcbersicht \u00fcber die aktuell anstehenden Termine. \u00a0 Der Kreisverband w\u00fcnscht allen ein Frohes Neues Jahr! \u00a0 \u00a0 \u00a0 Unsere Mitglieder k\u00f6nnen ihre geplanten Termine hier ver\u00f6ffentlichen. Bitte senden Sie eine E-Mail an danielakinder@web.de \u00a0 Fotos von der Kreisschau 2024:<\/p>\n","protected":false},"author":1,"featured_media":0,"parent":0,"menu_order":0,"comment_status":"closed","ping_status":"closed","template":"","meta":[],"_links":{"self":[{"href":"http:\/\/www.kv-rassegefl\u00fcgelz\u00fcchter-mettmann.de\/index.php?rest_route=\/wp\/v2\/pages\/261"}],"collection":[{"href":"http:\/\/www.kv-rassegefl\u00fcgelz\u00fcchter-mettmann.de\/index.php?rest_route=\/wp\/v2\/pages"}],"about":[{"href":"http:\/\/www.kv-rassegefl\u00fcgelz\u00fcchter-mettmann.de\/index.php?rest_route=\/wp\/v2\/types\/page"}],"author":[{"embeddable":true,"href":"http:\/\/www.kv-rassegefl\u00fcgelz\u00fcchter-mettmann.de\/index.php?rest_route=\/wp\/v2\/users\/1"}],"replies":[{"embeddable":true,"href":"http:\/\/www.kv-rassegefl\u00fcgelz\u00fcchter-mettmann.de\/index.php?rest_route=%2Fwp%2Fv2%2Fcomments&post=261"}],"version-history":[{"count":67,"href":"http:\/\/www.kv-rassegefl\u00fcgelz\u00fcchter-mettmann.de\/index.php?rest_route=\/wp\/v2\/pages\/261\/revisions"}],"predecessor-version":[{"id":741,"href":"http:\/\/www.kv-rassegefl\u00fcgelz\u00fcchter-mettmann.de\/index.php?rest_route=\/wp\/v2\/pages\/261\/revisions\/741"}],"wp:attachment":[{"href":"http:\/\/www.kv-rassegefl\u00fcgelz\u00fcchter-mettmann.de\/index.php?rest_route=%2Fwp%2Fv2%2Fmedia&parent=261"}],"curies":[{"name":"wp","href":"https:\/\/api.w.org\/{rel}","templated":true}]}}