{"id":259,"date":"2018-03-14T13:52:34","date_gmt":"2018-03-14T12:52:34","guid":{"rendered":"http:\/\/www.kv-rassegefl\u00fcgelz\u00fcchter-mettmann.de\/\/?page_id=259"},"modified":"2024-01-19T22:05:23","modified_gmt":"2024-01-19T21:05:23","slug":"vorstand","status":"publish","type":"page","link":"http:\/\/www.kv-rassegefl\u00fcgelz\u00fcchter-mettmann.de\/?page_id=259","title":{"rendered":"Vorstand"},"content":{"rendered":"<table border=\"0\" width=\"100%\" cellspacing=\"0\" cellpadding=\"0\">\n<tbody>\n<tr>\n<td style=\"width: 32.2875%;\"><strong>Ehren &#8211; Vorsitzender<\/strong><\/td>\n<td style=\"width: 67.7125%;\">Karl Wahnem\u00fchl, Schildsheider Str. 72, 40699 Erkrath<\/td>\n<\/tr>\n<tr>\n<td style=\"width: 32.2875%;\"><\/td>\n<td style=\"width: 67.7125%;\"><\/td>\n<\/tr>\n<tr>\n<td style=\"width: 32.2875%;\"><span style=\"font-family: georgia, palatino, serif;\"><b>1. Vorsitzender<\/b><\/span><\/td>\n<td style=\"width: 67.7125%;\"><span style=\"font-family: georgia, palatino, serif;\"><b><a href=\"mailto:stefan.Krus@gmx.de\">Stefan Krus<\/a><\/b>, Karpendeller Weg 12a, 40822 Mettmann, Handynr.: 0172\/2946325<br \/>\n<\/span><\/td>\n<\/tr>\n<tr>\n<td style=\"width: 32.2875%;\"><\/td>\n<td style=\"width: 67.7125%;\"><\/td>\n<\/tr>\n<tr>\n<td style=\"width: 32.2875%;\"><span style=\"font-family: georgia, palatino, serif;\"><b>2. Vorsitzende<\/b><\/span><\/td>\n<td style=\"width: 67.7125%;\"><span style=\"font-family: georgia, palatino, serif;\">Daniel Gomille, T\u00f6nisheiderstr. 4, 42489 W\u00fclfrath<\/span><\/td>\n<\/tr>\n<tr>\n<td style=\"width: 32.2875%;\"><\/td>\n<td style=\"width: 67.7125%;\"><\/td>\n<\/tr>\n<tr>\n<td style=\"width: 32.2875%;\"><span style=\"font-family: georgia, palatino, serif;\"><b>1. Schriftf\u00fchrer<\/b><\/span><\/td>\n<td style=\"width: 67.7125%;\">Vera Hellmich,<\/td>\n<\/tr>\n<tr>\n<td style=\"width: 32.2875%;\"><\/td>\n<td style=\"width: 67.7125%;\"><\/td>\n<\/tr>\n<tr>\n<td style=\"width: 32.2875%;\"><span style=\"font-family: georgia, palatino, serif;\"><b>2. Schriftf\u00fchrer <\/b><\/span><\/td>\n<td style=\"width: 67.7125%;\"><\/td>\n<\/tr>\n<tr>\n<td style=\"width: 32.2875%;\"><\/td>\n<td style=\"width: 67.7125%;\"><\/td>\n<\/tr>\n<tr>\n<td style=\"width: 32.2875%;\"><span style=\"font-family: georgia, palatino, serif;\"><b>1. Kassierer<\/b><\/span><\/td>\n<td style=\"width: 67.7125%;\"><span style=\"font-family: georgia, palatino, serif;\">Daniela Kinder, H\u00fcttenweg 12, 42579 Heiligenhaus<\/span><\/td>\n<\/tr>\n<tr>\n<td style=\"width: 32.2875%;\"><\/td>\n<td style=\"width: 67.7125%;\"><\/td>\n<\/tr>\n<tr>\n<td style=\"width: 32.2875%;\"><span style=\"font-family: georgia, palatino, serif;\"><b>2. Kassierer <\/b><\/span><\/td>\n<td style=\"width: 67.7125%;\"><span style=\"font-family: georgia, palatino, serif;\">Jochen Seinsche, Kamper Weg 134, 40627 D\u00fcsseldorf, Handynr.: 0172\/2792102<br \/>\n<\/span><\/td>\n<\/tr>\n<tr>\n<td style=\"width: 32.2875%;\"><\/td>\n<td style=\"width: 67.7125%;\"><\/td>\n<\/tr>\n<tr>\n<td style=\"width: 32.2875%;\"><span style=\"font-family: georgia, palatino, serif;\"><b>Jugendobmann<\/b><\/span><\/td>\n<td style=\"width: 67.7125%;\"><\/td>\n<\/tr>\n<tr>\n<td style=\"width: 32.2875%;\"><\/td>\n<td style=\"width: 67.7125%;\"><\/td>\n<\/tr>\n<tr>\n<td style=\"width: 32.2875%;\"><span style=\"font-family: georgia, palatino, serif;\"><b>Zuchtwart<\/b><\/span><\/td>\n<td style=\"width: 67.7125%;\"><\/td>\n<\/tr>\n<tr>\n<td style=\"width: 32.2875%;\"><\/td>\n<td style=\"width: 67.7125%;\"><\/td>\n<\/tr>\n<tr>\n<td style=\"width: 32.2875%;\"><span style=\"font-family: georgia, palatino, serif;\"><b>Gruppenleiter Ziergefl\u00fcgel<\/b><\/span><\/td>\n<td style=\"width: 67.7125%;\"><\/td>\n<\/tr>\n<tr>\n<td style=\"width: 32.2875%;\"><\/td>\n<td style=\"width: 67.7125%;\"><\/td>\n<\/tr>\n<tr>\n<td style=\"width: 32.2875%;\"><span style=\"font-family: georgia, palatino, serif;\"><b>Ausstellungsleiter<\/b><\/span><\/td>\n<td style=\"width: 67.7125%;\"><span style=\"font-family: georgia, palatino, serif;\">Stefan Krus<\/span><\/td>\n<\/tr>\n<\/tbody>\n<\/table>\n<p><b><span style=\"font-family: Verdana;\">Die vorgenannten Zuchtfreunde stellen zusammen mit den <a href=\"http:\/\/www.kv-rassegefl\u00fcgelz\u00fcchter-mettmann.de\/vereine\/\">Vorsitzenden der Ortsvereine<\/a> den Gesamtvorstand dar.<\/span><\/b><\/p>\n","protected":false},"excerpt":{"rendered":"<p>Ehren &#8211; Vorsitzender Karl Wahnem\u00fchl, Schildsheider Str. 72, 40699 Erkrath 1. Vorsitzender Stefan Krus, Karpendeller Weg 12a, 40822 Mettmann, Handynr.: 0172\/2946325 2. Vorsitzende Daniel Gomille, T\u00f6nisheiderstr. 4, 42489 W\u00fclfrath 1. Schriftf\u00fchrer Vera Hellmich, 2. Schriftf\u00fchrer 1. Kassierer Daniela Kinder, H\u00fcttenweg 12, 42579 Heiligenhaus 2. Kassierer Jochen Seinsche, Kamper Weg 134, 40627 D\u00fcsseldorf, Handynr.: 0172\/2792102 Jugendobmann Zuchtwart Gruppenleiter Ziergefl\u00fcgel Ausstellungsleiter Stefan Krus Die vorgenannten Zuchtfreunde stellen zusammen mit den Vorsitzenden der Ortsvereine den Gesamtvorstand dar.<\/p>\n","protected":false},"author":1,"featured_media":0,"parent":0,"menu_order":0,"comment_status":"closed","ping_status":"closed","template":"","meta":[],"_links":{"self":[{"href":"http:\/\/www.kv-rassegefl\u00fcgelz\u00fcchter-mettmann.de\/index.php?rest_route=\/wp\/v2\/pages\/259"}],"collection":[{"href":"http:\/\/www.kv-rassegefl\u00fcgelz\u00fcchter-mettmann.de\/index.php?rest_route=\/wp\/v2\/pages"}],"about":[{"href":"http:\/\/www.kv-rassegefl\u00fcgelz\u00fcchter-mettmann.de\/index.php?rest_route=\/wp\/v2\/types\/page"}],"author":[{"embeddable":true,"href":"http:\/\/www.kv-rassegefl\u00fcgelz\u00fcchter-mettmann.de\/index.php?rest_route=\/wp\/v2\/users\/1"}],"replies":[{"embeddable":true,"href":"http:\/\/www.kv-rassegefl\u00fcgelz\u00fcchter-mettmann.de\/index.php?rest_route=%2Fwp%2Fv2%2Fcomments&post=259"}],"version-history":[{"count":8,"href":"http:\/\/www.kv-rassegefl\u00fcgelz\u00fcchter-mettmann.de\/index.php?rest_route=\/wp\/v2\/pages\/259\/revisions"}],"predecessor-version":[{"id":677,"href":"http:\/\/www.kv-rassegefl\u00fcgelz\u00fcchter-mettmann.de\/index.php?rest_route=\/wp\/v2\/pages\/259\/revisions\/677"}],"wp:attachment":[{"href":"http:\/\/www.kv-rassegefl\u00fcgelz\u00fcchter-mettmann.de\/index.php?rest_route=%2Fwp%2Fv2%2Fmedia&parent=259"}],"curies":[{"name":"wp","href":"https:\/\/api.w.org\/{rel}","templated":true}]}}